. What is the remainder when k is divided by 5?
3
Let i = -372 - -3536. Calculate the remainder when i is divided by 16.
12
Let o = 7 - 3. Let r be 0 - (o - (6 + -1)). Let m(u) = 25*u - 4. What is the remainder when m(r) is divided by 11?
10
Suppose 0 = -0*u + 5*u + 5*h - 715, 4*h + 564 = 4*u. Let n = 156 - u. What is the remainder when 41 is divided by n?
13
Suppose -35*s - 4194 = -53*s. Calculate the remainder when s is divided by 34.
29
Let y = -3953 - -4252. Calculate the remainder when y is divided by 53.
34
Let s(g) = -64*g + 4018. What is the remainder when 208 is divided by s(62)?
8
Let a be (-18)/(-30) - 1179/15. Let s = 99 + a. Calculate the remainder when 75 is divided by s.
12
Let k be (0 + -1 - -73)*(-18)/36. What is the remainder when 515 is divided by (-2616)/k + 4/3?
71
Let s(a) = -a**2 - 16*a + 12. Let v be s(-22). Let u be -2*(-13)/((-13)/v). Suppose u = -3*l + 8*l. What is the remainder when l is divided by 13?
9
Let l(j) = -2*j**3 - 15*j**2 + 2*j + 164. What is the remainder when 1312/10 + 2/(-10) is divided by l(-6)?
43
Let i = -38 + 38. Suppose 2*n + 20 - 56 = g, -2*n + 5*g + 36 = i. Calculate the remainder when 45 is divided by n.
9
Suppose -33*t + 41*t = 792. Suppose 136 = 5*l - t. Calculate the remainder when l is divided by 10.
7
Let x = 244 + -244. Suppose -2*u - 2 = -4*d, x*d = 2*d - 10. Calculate the remainder when 25 is divided by u.
7
Suppose 0 = -4*n + 3*y + 2264, -4*y = 30*n - 36*n + 3396. Calculate the remainder when n is divided by 72.
62
What is the remainder when (972/(-9))/(-9) + 69 is divided by (-6)/15 + 364/10?
9
Suppose -u = -2*u + 29. Suppose -x + 30*x - 2349 = 0. Calculate the remainder when x is divided by u.
23
Suppose 0*p - 322 = -12*p - 70. Calculate the remainder when 123 is divided by p.
18
Let i(o) = 23*o + 2. Let d = -1447 + 1457. Calculate the remainder when i(2) is divided by d.
8
Let z = -5129 + 6375. Calculate the remainder when 3743 is divided by z.
5
Suppose -753 = -39*v + 36*v. Let l = 41 + 23. Calculate the remainder when v is divided by l.
59
Suppose 8*m = -5524 - 420. Let l = m - -373. Let v = l + 519. What is the remainder when v is divided by 51?
47
Suppose 906*p - 739*p = 29559. What is the remainder when 17696 is divided by p?
173
Let t(l) = -3*l**3 - 2*l**2 + 22*l + 1. Calculate the remainder when t(-6) is divided by 42.
25
Let v(k) = 45*k**2 + 30*k + 35. Calculate the remainder when v(4) is divided by 88.
83
Let a(f) = f**2 - 8*f - 3. Suppose -183 = -z + 12. Let t = z - 163. What is the remainder when t is divided by a(10)?
15
Let o(w) = 37*w - 6. Let i be o(1). Suppose 0 = 4*t + 38 + 58. Let m = i + t. What is the remainder when m is divided by 4?
3
Suppose -4*p = 5*h + 25 - 2188, -4*p = -h - 2145. Suppose -2*t + 105 = -49. Calculate the remainder when p is divided by t.
75
Let b(h) = 62*h**2 + 6*h + 8*h - 25*h**2 - 29*h**2 - 7. Calculate the remainder when b(-6) is divided by 67.
63
Suppose 0 = -96*z + 101*z - 1055. Suppose 4*h = -5*s + 243, -3*h + 0*s + z = -2*s. Calculate the remainder when 267 is divided by h.
66
Calculate the remainder when 1472 is divided by (9 - 153/12)*(-5)/(60/592).
177
Let h(m) = 9*m**2 + 1. Let c = -200 - -198. Calculate the remainder when 256 is divided by h(c).
34
Let f(o) = 942*o**2 - 175*o + 355. Calculate the remainder when f(2) is divided by 17.
16
Suppose 0 = 3*p + 26 - 11. Let q be (65/(-1))/((-1)/p). Let z = -153 - q. Calculate the remainder when z is divided by 25.
22
Let u(r) = 3*r**3 + 20*r**2 - 31*r + 18. Let g be u(-8). Suppose 0 = 12*s - g*s - 150. What is the remainder when s is divided by 3?
0
Let v(s) = -s**3 - 7*s**2 + 12*s + 107. Calculate the remainder when 3056 is divided by v(-9).
158
Let p(n) = 3*n + 26. Let w be p(-8). Suppose 3*o - 4*o - 4*m = -131, -w*o + 271 = 5*m. What is the remainder when o is divided by 48?
47
Let k(v) = 9*v - 16. Let s be k(17). Suppose 4*h = -s - 7. What is the remainder when 7 is divided by 15/(-6)*h/30?
1
Let r(p) = 57*p**2 - 2*p - 2. What is the remainder when r(-2) is divided by -9*(2/5 + (-105)/(-175)) - -30?
20
Let s = -304 - -309. Suppose -4*y + 68 = -4*z, -49 - 4 = -s*y - 3*z. Calculate the remainder when 49 is divided by y.
10
Suppose 3*p = -s + p + 40, p = 4*s - 142. Suppose 34*c - s*c + 168 = 0. What is the remainder when c is divided by 28?
0
Let h = 3499 + -3474. Calculate the remainder when 176 is divided by h.
1
Suppose 5*s - 59 - 86 = 0. Let c = s - -22. What is the remainder when c is divided by (4 + 2 - -3)*3?
24
Suppose 6*o = 3*o + 378. Suppose -12*b = -10*b - o. What is the remainder when b is divided by (64/20 + 20/25)*8?
31
Let x(h) = 16*h + 9. Let r be x(-1). Let o(s) = 3*s**2 + 15*s - 3. Let u(i) = i**3 + 6*i**2 - 3*i + 4. What is the remainder when o(r) is divided by u(-6)?
17
Suppose 77*d - 51168 = 135*d - 71*d. Calculate the remainder when d is divided by 101.
98
Let z be 6/(-15)*-3*(-140)/12. What is the remainder when (-29320)/(-70) + 12/z is divided by 35?
33
Let g(x) = -307*x - 1157. What is the remainder when g(-8) is divided by 258?
9
Let m(y) = -4*y - 5. Let h be m(-4). Suppose -15 = -c + h. What is the remainder when c is divided by (25/4 - 1030/824)*2?
6
Suppose 16*k - 121933 = 66707. Calculate the remainder when k is divided by 88.
86
Let b be ((-3)/(84/8))/(1/(-7)). Let o be ((-4)/(-18))/(b/18). Calculate the remainder when 12/(-4) - 121/((-2)/o) is divided by 12.
10
What is the remainder when (-4)/1 - 2864121/(-713) is divided by 8?
5
Let b(w) = -2*w. Let f be b(-5). Let l(j) = -j**3 + 9*j**2 + 12*j - 18. Let s be l(f). Suppose 0 = s*n - 66 + 16. What is the remainder when 73 is divided by n?
23
Let l(i) = -i**3 + 12*i**2 - 10*i + 5. Let k be l(11). Let c(r) = 10*r**2 - 128*r - 33. What is the remainder when c(k) is divided by 96?
95
Suppose 6*j - 3*j - 392 = -2*l, 4*l = -2*j + 248. Suppose 8*r + f = 5*r + j, 4*f - 106 = -2*r. Calculate the remainder when r is divided by (-3)/(-9) - (-26)/3.
7
Suppose 3*x + 6 = 0, 4*b + 403 = -3*x - 7. Let l = b - -58. Let j = l + 47. What is the remainder when 6 is divided by j?
2
Let t(y) = -y**2 + 1062*y + 12909. What is the remainder when 0/2 - (-2 + -120) is divided by t(-12)?
17
Let i be (-2016)/((-5)/2 + 1). Suppose 0 = 5*s + 7*s - i. Calculate the remainder when s is divided by 23.
20
Suppose 14 = 2*u - 144. Let j(n) = -n**2 - 5*n + 1. Let q be j(-4). Suppose 3*m = 4*b + 8*m - 11, 3*m = -q*b + 30. What is the remainder when u is divided by b?
7
Let c = 8265 + -7926. Calculate the remainder when c is divided by 67.
4
Suppose 630480 + 391942 - 243772 = 145*u. What is the remainder when u is divided by 131?
130
Let a(w) = 3*w - 2. Let o(p) = p**2 - 116*p + 2801. Calculate the remainder when o(82) is divided by a(3).
6
Let i be 62/6 + (-9)/27. Suppose 5*j = n + 50, -j - 11*n + i = -15*n. What is the remainder when 226 is divided by j?
6
Suppose -9*k + 19342 + 10750 + 10930 = 0. Calculate the remainder when k is divided by 114.
112
Suppose 0 = -293*t + 1884 + 167. Calculate the remainder when 154 is divided by t.
0
Suppose 0 = 8*b - 39 - 25. Let h be (-6 - 1)*b/(-28). Suppose h*d = 3*t - 23, -16 = -3*t - t - d. Calculate the remainder when 27 is divided by t.
2
Suppose 60 - 9 = 3*v. Let o be ((-2)/(-6))/(1/9) - -2. Suppose -o = 3*b - 101. Calculate the remainder when b is divided by v.
15
Let r = -3414 - -3536. Calculate the remainder when r is divided by 104.
18
Suppose -13*g + 14*g + 75 = 3*y, 3*y = -2*g + 84. Suppose w - u - 2*u = 10, -4*w + u = -40. What is the remainder when y is divided by w?
6
Suppose 0 = 8*c - 9*c + 240. Suppose c = -7*l + 11*l. What is the remainder when 598 is divided by l?
58
Calculate the remainder when 108 is divided by ((-39)/(2457/168))/((-12)/54).
0
Let x = -8 + 16. Let z be 5 + (-164)/32 + 418/16. Calculate the remainder when -1 + 3 - ((-56)/(-7) - z) is divided by x.
4
Calculate the remainder when -2 - (-1 + 4 - 6 - 338) - -3 is divided by 50.
42
Suppose 29*k - 24*k = 320. Suppose -k - 13 = -7*d. Calculate the remainder when 29 is divided by d.
7
Suppose 27*c = -70*c + 14841. Calculate the remainder when c is divided by 29.
8
Let j = 12059 + -12009. What is the remainder when 236 is divided by j?
36
Let g = -1835 - -1857. Calculate the remainder when 363 is divided by g.
11
Let y(u) =